{"id":662,"date":"2017-03-13T15:24:02","date_gmt":"2017-03-13T15:24:02","guid":{"rendered":"https:\/\/demo.mekshq.com\/typology\/?page_id=202"},"modified":"2026-03-03T13:56:42","modified_gmt":"2026-03-03T13:56:42","slug":"dla-autorow","status":"publish","type":"page","link":"https:\/\/problemyjakosci.com.pl\/index.php\/dla-autorow\/","title":{"rendered":"DLA AUTOR\u00d3W"},"content":{"rendered":"\n<p class=\"has-normal-font-size\"><strong>Wszystkie manuskrypty naukowe podlegaj\u0105 anonimowej recenzji (tzw. double blind peer review).<\/strong> <\/p>\n\n\n\n<div class=\"wp-block-file\"><a href=\"http:\/\/problemyjakosci.com.pl\/wp-content\/uploads\/2020\/01\/ZASADY-ETYKI-w-publikacjach-czasopisma.docx\">Zasady etyki w publikacjach czasopisma &#8222;Problemy Jako\u015bci&#8221;<\/a><\/div>\n\n\n\n<div class=\"wp-block-file\"><a href=\"http:\/\/problemyjakosci.com.pl\/wp-content\/uploads\/2021\/06\/Wymagania-edytorskie.pdf\">Wymagania edytorskie<\/a><a href=\"http:\/\/problemyjakosci.com.pl\/wp-content\/uploads\/2021\/06\/Wymagania-edytorskie.pdf\" class=\"wp-block-file__button wp-element-button\" download>Pobierz<\/a><\/div>\n\n\n\n<p><\/p>\n\n\n\n<p class=\"has-normal-font-size\"><strong>Op\u0142ata za publikacj\u0119<\/strong><\/p>\n\n\n\n<p class=\"has-normal-font-size\">W zwi\u0105zku z polityk\u0105 redakcyjn\u0105 publikacje w \u201eProblemach Jako\u015bci\u201d s\u0105 p\u0142atne. Koszt 1 strony druku to 100,00 z\u0142 netto. Op\u0142ata pokrywa koszty sk\u0142adu oraz druku i pobierana jest po pozytywnym przej\u015bciu procedury recenzji.<\/p>\n\n\n\n<p class=\"has-text-align-center has-normal-font-size\"><strong>ZASADY ETYKI w publikacjach czasopisma<br> \u201eProblemy Jako\u015bci\u201d<br> (opracowane na podstawie wytycznych COPE \u2013 Committee on Publication Ethics) <\/strong><\/p>\n\n\n\n<p class=\"has-normal-font-size\">Redakcja czasopisma \u201eProblemy Jako\u015bci\u201d jest zobowi\u0105zana do podejmowania dzia\u0142a\u0144 na rzecz przestrzegania etyki w publikacjach naukowych, publikowania wysokiej jako\u015bci artyku\u0142\u00f3w i przeciwdzia\u0142ania zjawiskom nieetycznym w nauce. <\/p>\n\n\n\n<p class=\"has-normal-font-size\">Stosowania si\u0119 do zasad etyki oczekuje si\u0119 w r\u00f3wnym stopniu od wszystkich uczestnik\u00f3w procesu publikacji: autor\u00f3w, redaktor\u00f3w, recenzent\u00f3w i wydawcy \u201eProblem\u00f3w Jako\u015bci\u201d. <\/p>\n\n\n\n<p class=\"has-normal-font-size\"><strong>Obowi\u0105zki Redaktora czasopisma \u201eProblemy Jako\u015bci\u201d <\/strong><\/p>\n\n\n\n<p class=\"has-normal-font-size\">Redaktor \u201eProblem\u00f3w Jako\u015bci\u201d dokonuje oceny materia\u0142u w spos\u00f3b ca\u0142kowicie obiektywny i sprawiedliwy, nie dyskryminuj\u0105c autor\u00f3w ze wzgl\u0119du na ras\u0119, p\u0142e\u0107, orientacj\u0119 seksualn\u0105, wyznanie, przekonania polityczne, pochodzenie etniczne i geograficzne. Swoje decyzje opiera wy\u0142\u0105cznie na podstawie zawarto\u015bci analizowanego artyku\u0142u uwzgl\u0119dniaj\u0105c jego oryginalno\u015b\u0107, warto\u015b\u0107 naukow\u0105, jasno\u015b\u0107 prezentowania zagadnie\u0144, wa\u017cno\u015b\u0107 bada\u0144 lub informacji dla \u015brodowiska naukowego i technicznego w danej dziedzinie. <\/p>\n\n\n\n<p class=\"has-normal-font-size\">Redaktor \u201eProblem\u00f3w Jako\u015bci\u201d traktuje wszelkie materia\u0142y otrzymane od Autor\u00f3w jako poufne i nie przekazuje informacji na ich temat osobom, kt\u00f3re nie uczestnicz\u0105 bezpo\u015brednio w procesie publikacji (autorzy, redaktorzy, recenzenci itp.) oraz nie wykorzystuje ich we w\u0142asnej dzia\u0142alno\u015bci naukowej bez pisemnej zgody Autora. <\/p>\n\n\n\n<p class=\"has-normal-font-size\">Redaktor \u201eProblem\u00f3w Jako\u015bci\u201d umo\u017cliwia Autorowi publikacj\u0119 rzeczowej polemiki, odnosz\u0105cej si\u0119 do cz\u0119\u015bci artyku\u0142u poddanej krytyce. <\/p>\n\n\n\n<p class=\"has-normal-font-size\">Redaktor \u201eProblem\u00f3w Jako\u015bci\u201d nie blokuje mo\u017cliwo\u015bci publikowania negatywnych wynik\u00f3w bada\u0144. <\/p>\n\n\n\n<p class=\"has-normal-font-size\">Redaktor wraz z Redakcj\u0105 \u201eProblem\u00f3w Jako\u015bci\u201d zwracaj\u0105 szczeg\u00f3ln\u0105 uwag\u0119 na obowi\u0105zuj\u0105ce wymogi prawne dotycz\u0105ce praw autorskich. <\/p>\n\n\n\n<p class=\"has-normal-font-size\"><strong>Obowi\u0105zki Recenzenta czasopisma \u201eProblemy Jako\u015bci\u201d <\/strong><\/p>\n\n\n\n<p class=\"has-normal-font-size\">Zadaniem procesu recenzji jest pomoc Redaktorowi Naczelnemu oraz Redakcji \u201eProblem\u00f3w Jako\u015bci\u201d w podejmowaniu decyzji o publikacji artyku\u0142u oraz ewentualna pomoc Autorowi w poprawieniu lub ulepszeniu jego pracy. <\/p>\n\n\n\n<p class=\"has-normal-font-size\">Recenzent powinien obiektywnie oceni\u0107, czy mo\u017ce podj\u0105\u0107 si\u0119 sporz\u0105dzenia recenzji artyku\u0142u uwzgl\u0119dniaj\u0105c zakres merytoryczny materia\u0142u oraz okre\u015blone przez Redakcj\u0119 \u201eProblem\u00f3w Jako\u015bci\u201d ramy czasowe. <\/p>\n\n\n\n<p class=\"has-normal-font-size\">Recenzent nie podejmuje si\u0119 przygotowania recenzji je\u017celi stwierdzi wyst\u0119powanie konfliktu interes\u00f3w wynikaj\u0105cego np. z finansowych, osobistych lub s\u0142u\u017cbowych zwi\u0105zk\u00f3w z kt\u00f3rymkolwiek z autor\u00f3w artyku\u0142u, firm\u0105 lub instytucj\u0105.<\/p>\n\n\n\n<p class=\"has-normal-font-size\">poufne i nie przekazuje informacji na ich temat osobom trzecim bez zgody Redakcji \u201eProblem\u00f3w Jako\u015bci\u201d oraz nie wykorzystuje ich we w\u0142asnej dzia\u0142alno\u015bci naukowej bez pisemnej zgody Autora. Recenzja powinna by\u0107 przygotowana w spos\u00f3b obiektywny, jasny, jednoznaczny, bez odniesie\u0144 personalnych, a uwagi krytyczne poparte konkretnymi argumentami. <br>\nRecenzent powinien poinformowa\u0107 Redaktora \u201eProblem\u00f3w Jako\u015bci\u201d,  je\u017celi stwierdzi wyst\u0119powanie w artykule tre\u015bci o znacz\u0105cym stopniu podobie\u0144stwa do wyst\u0119puj\u0105cych w innych publikacjach, kt\u00f3re zna. <\/p>\n\n\n\n<p class=\"has-normal-font-size\"><strong>Obowi\u0105zki Autora czasopisma \u201eProblemy Jako\u015bci\u201d <\/strong><\/p>\n\n\n\n<p class=\"has-normal-font-size\">Autor przesy\u0142a do Redakcji \u201eProblem\u00f3w Jako\u015bci\u201d wy\u0142\u0105cznie materia\u0142y oryginalne i wcze\u015bniej niepublikowane, jednocze\u015bnie o\u015bwiadczaj\u0105c, \u017ce przys\u0142uguje mu prawo rozporz\u0105dzania tymi materia\u0142ami. Niedopuszczalne jest zg\u0142aszanie artyku\u0142\u00f3w jednocze\u015bnie do kilku wydawnictw. <\/p>\n\n\n\n<p class=\"has-normal-font-size\">Artyku\u0142 powinien by\u0107 przygotowany z uwzgl\u0119dnieniem w\u0142a\u015bciwego cytowania \u017ar\u00f3de\u0142 oraz przedstawia\u0107 metody, badania i wyniki w spos\u00f3b jasny i czytelny, tak by umo\u017cliwi\u0107 prze\u015bledzenie toku rozumowania Autora i ewentualne powt\u00f3rzenie bada\u0144 przez innych badaczy w danej dziedzinie. Artyku\u0142 powinien uwzgl\u0119dnia\u0107 stan wiedzy w danej dziedzinie, a wyniki bada\u0144 powinny by\u0107 szczeg\u00f3\u0142owo i obiektywnie opisane i przeanalizowane. Je\u017celi wyniki cz\u0119\u015bciowe zosta\u0142y wcze\u015bniej opublikowane, Autor powinien poinformowa\u0107 o tym fakcie Redaktora \u201eProblem\u00f3w Jako\u015bci\u201d i umie\u015bci\u0107 informacj\u0119 o tym w artykule. <\/p>\n\n\n\n<p class=\"has-normal-font-size\">Autor o\u015bwiadcza, \u017ce dane badawcze wykorzystane w publikacji nie by\u0142y fabrykowane lub manipulowane. <\/p>\n\n\n\n<p class=\"has-normal-font-size\">Autorstwo artyku\u0142u jest ograniczone do os\u00f3b, kt\u00f3re mia\u0142y znacz\u0105cy wp\u0142yw na koncepcj\u0119, za\u0142o\u017cenia, metody, prowadzenie bada\u0144 i interpretacj\u0119 wynik\u00f3w oraz opracowanie merytoryczne artyku\u0142u. Wszystkie osoby, kt\u00f3re mia\u0142y znacz\u0105cy wk\u0142ad w powstanie artyku\u0142u musz\u0105 by\u0107 wymienione jako wsp\u00f3\u0142autorzy. Autor zg\u0142aszaj\u0105cy publikacj\u0119 powinien ujawni\u0107 wk\u0142ad poszczeg\u00f3lnych autor\u00f3w w powstanie publikacji oraz upewni\u0107 si\u0119, \u017ce wszyscy wsp\u00f3\u0142autorzy akceptuj\u0105 zg\u0142oszenie artyku\u0142u do czasopisma oraz ostateczn\u0105 wersj\u0119 artyku\u0142u. <\/p>\n\n\n\n<p class=\"has-normal-font-size\">Autor powinien zawiadomi\u0107 Redakcj\u0119 \u201eProblem\u00f3w Jako\u015bci\u201d o zauwa\u017conych istotnych b\u0142\u0119dach w swojej publikacji i wsp\u00f3\u0142dzia\u0142a\u0107 z Redaktorem \u201eProblem\u00f3w Jako\u015bci\u201d w celu ich poprawienia lub sprostowania. <\/p>\n\n\n\n<p class=\"has-normal-font-size\">Autor powinien przechowywa\u0107 \u017ar\u00f3d\u0142owe dane badawcze w celu ewentualnego udost\u0119pnienia ich na pro\u015bb\u0119 Redakcji \u201eProblem\u00f3w Jako\u015bci\u201d lub uprawnionych instytucji. <\/p>\n\n\n\n<p class=\"has-normal-font-size\">Autor potwierdza w uzasadnionym przypadku, \u017ce wszystkie badania przeprowadzone zosta\u0142y z poszanowaniem zasad etycznych oraz formalnych obowi\u0105zuj\u0105cych w danej dziedzinie nauki (np. zgoda komisji bioetycznej).<\/p>\n\n\n\n<p class=\"has-normal-font-size\">Autor powinien poinformowa\u0107 o \u017ar\u00f3d\u0142ach finansowania publikacji, wk\u0142adzie instytucji naukowo-badawczych, stowarzysze\u0144 i innych podmiot\u00f3w (financial disclosure) oraz o ewentualnych konfliktach interes\u00f3w, kt\u00f3re mog\u0105 wi\u0105za\u0107 si\u0119 z publikacj\u0105 artyku\u0142u. <\/p>\n\n\n\n<p class=\"has-normal-font-size\"><strong>Post\u0119powanie w sytuacji stwierdzenia nieetycznych praktyk w czasopi\u015bmie \u201eProblemy Jako\u015bci\u201d <\/strong><\/p>\n\n\n\n<p class=\"has-normal-font-size\">W sytuacji gdy zachodzi podejrzenie nierzetelno\u015bci w opublikowanym lub zg\u0142oszonym artykule, w szczeg\u00f3lno\u015bci dotycz\u0105cej zjawiska plagiatu, \u201eghostwriting\u201d lub \u201eguest authorship\u201d, Redaktor \u201eProblem\u00f3w Jako\u015bci\u201d podejmuje dzia\u0142ania w celu wyja\u015bnieniu sprawy, przy czym w pierwszej kolejno\u015bci prosi o ustosunkowanie si\u0119 Autora. W przypadku potwierdzonej nierzetelno\u015bci znacz\u0105co naruszaj\u0105cej zasady etyki Redaktor \u201eProblem\u00f3w Jako\u015bci\u201d podejmuje dalsze kroki, do kt\u00f3rych mo\u017ce nale\u017ce\u0107 m.in. opublikowanie informacji o wykrytej nierzetelno\u015bci oraz powiadomienie jednostek, przy kt\u00f3rych Autor jest afiliowany. Wszelkie przejawy nierzetelno\u015bci w nauce s\u0105 dokumentowane przez Redakcj\u0119 \u201eProblem\u00f3w Jako\u015bci\u201d.<\/p>\n\n\n\n<p class=\"has-text-align-center has-large-font-size\"><strong>WYMAGANIA EDYTORSKIE<\/strong><\/p>\n\n\n\n<p class=\"has-normal-font-size\">Redakcja przyjmuje oryginalne, nigdzie dotychczas niepublikowane artyku\u0142y naukowe i dotycz\u0105ce aspekt\u00f3w praktycznych z zakresu tematycznego miesi\u0119cznika. Akceptowane s\u0105 prace w dw\u00f3ch wersjach: polskiej i angielskiej. Artyku\u0142y kwalifikowane s\u0105 do druku na podstawie pozytywnej recenzji i mo\u017cliwo\u015bci wydawniczych redakcji. Prace nale\u017cy przesy\u0142a\u0107 poczt\u0105 elektroniczn\u0105: problemyjakosci@sigma-not.pl. <br> Redakcja informuje autora o wyniku recenzji oraz przekazuje mu ewentualne poprawki i sugestie zmian.<br>Dwumiesi\u0119cznik Problemy Jako\u015bci jest czasopismem czarno-bia\u0142ym.<\/p>\n\n\n\n<p class=\"has-text-align-left has-normal-font-size\"><strong><br><u> Struktura artyku\u0142u<\/u><\/strong><\/p>\n\n\n\n<ul class=\"wp-block-list\">\n<li class=\"has-normal-font-size\">Imi\u0119 i nazwisko Autora\/\u00f3w, stopnie naukowe, identyfikator<br>ORCID,\u00a0 jednostka organizacyjna, adres<br>jednostki, adres e-mail (Times New Roman, 12, pogrubione)<\/li>\n\n\n\n<li class=\"has-normal-font-size\">Tytu\u0142 artyku\u0142u w j\u0119z. polskim (Times New Roman,<br>16, pogrubiony, wy\u015brodkowany)<\/li>\n\n\n\n<li class=\"has-normal-font-size\">Tytu\u0142 artyku\u0142u w j\u0119z. angielskim (Times New<br>Roman, 16, pogrubiony, wy\u015brodkowany)<\/li>\n\n\n\n<li class=\"has-normal-font-size\">Ustrukturyzowany abstrakt w j\u0119z. polskim \u2013 do 250<br>s\u0142\u00f3w (Times New Roman, 12)<\/li>\n\n\n\n<li class=\"has-normal-font-size\">S\u0142owa kluczowe w j\u0119z. polskim \u2014 do pi\u0119ciu (Times<br>New Roman, 12)<\/li>\n\n\n\n<li class=\"has-normal-font-size\">Ustrukturyzowany abstrakt w j\u0119z. angielskim \u2014 do<br>250 s\u0142\u00f3w (Times New Roman, 12)<\/li>\n\n\n\n<li class=\"has-normal-font-size\">S\u0142owa kluczowe w j\u0119z. angielskim \u2014 do pi\u0119ciu (Times<br>New Roman, 12)<\/li>\n\n\n\n<li class=\"has-normal-font-size\">Wprowadzenie (Times New Roman, 14, pogrubione,<br>wyjustowane do lewego marginesu)<\/li>\n\n\n\n<li class=\"has-normal-font-size\">Tytu\u0142y rozdzia\u0142\u00f3w (Times New Roman, 14,<br>pogrubione, wyjustowane do lewego marginesu)<\/li>\n\n\n\n<li class=\"has-normal-font-size\">Podtytu\u0142y rozdzia\u0142\u00f3w (Times New Roman, 12,<br>pogrubione, wyjustowane do lewego marginesu)<\/li>\n\n\n\n<li class=\"has-normal-font-size\">Podsumowanie (Times New Roman, 14, pogrubione,<br>wyjustowane do lewego marginesu)<\/li>\n\n\n\n<li class=\"has-normal-font-size\">Bibliografia wg stylu Chicago (Times New Roman,<br>12, wyjustowana do lewego marginesu)<\/li>\n<\/ul>\n\n\n\n<p class=\"has-normal-font-size\"><strong><u>Informacje uzupe\u0142niaj\u0105ce<\/u><\/strong><\/p>\n\n\n\n<p class=\"has-normal-font-size\">\u2022    tekst artyku\u0142u (do 30 000 znak\u00f3w) powinien by\u0107 napisany czcionk\u0105 Times New Roman, 12p, wyjustowany,<br> \u2022    marginesy dolny, g\u00f3rny, lewy, prawy \u2013 2,5 cm, <br> \u2022    interlinia pojedyncza,<br> \u2022    akapity z jednym wci\u0119ciem r\u00f3wnym 1 tab., <br> \u2022    tabele, rysunki, wykresy etc. \u2013  dopuszczalne s\u0105 wy\u0142\u0105cznie jako czarno-bia\u0142e (odcienie szaro\u015bci),<br> \u2022    tytu\u0142y tabel \u2013 u g\u00f3ry, Times New Roman, 12p, pogrubione,<br> \u2022    podpisy rysunk\u00f3w i wykres\u00f3w pod obiektem \u2013 Times New Roman, 12p,<br> \u2022    \u017ar\u00f3d\u0142o \u2013 pod tabel\u0105, rysunkiem, schematem \u2013 Times New Roman, 12p (Uwaga! W tek\u015bcie powinno znajdowa\u0107 si\u0119 odwo\u0142anie do rysunku, tabeli, wykresu),<br> \u2022    przywo\u0142ywanie publikacji w tek\u015bcie \u2013 w tekstach przygotowywanych dla czasopisma Problemy Jako\u015bci stosowane s\u0105 przypisy \u015br\u00f3dtekstowe, kt\u00f3re odwo\u0142uj\u0105 si\u0119 do publikacji. Wskazuj\u0105 one numer, uj\u0119ty w nawiasie kwadratowym, pod kt\u00f3rym w wykazie bibliografii kryje si\u0119 cytowana praca \u2013 np. [1],<br> \u2022    abstrakty (w j\u0119z. polskim oraz w j\u0119z. angielskim) nale\u017cy opracowa\u0107 zgodnie z nast\u0119puj\u0105cymi wytycznymi:<br> \u2013 abstrakt artyku\u0142u (do 250 s\u0142\u00f3w ) powinien by\u0107 ustrukturyzowany i zawiera\u0107 pogrubione nag\u0142\u00f3wki: Cel, Projekt badania\/metodyka badawcza\/koncepcja, Wyniki\/wnioski, Ograniczenia,  Zastosowanie praktyczne, Oryginalno\u015b\u0107\/warto\u015b\u0107 poznawcza (ang. Purpose, Design\/Methodology\/Approach, Findings\/Conclusions, Research limitations, Practical implications,  Originality\/value). Bezpo\u015brednio po abstrakcie nale\u017cy poda\u0107 s\u0142owa kluczowe (maksymalnie 5). <\/p>\n\n\n\n<p class=\"has-normal-font-size\"><strong>Cel<\/strong>        <br>dlaczego przeprowadzono badania, na jakie pytanie\/pytania szukano odpowiedzi &nbsp;&nbsp;&nbsp;&nbsp;&nbsp;&nbsp;&nbsp;&nbsp;&nbsp;&nbsp;&nbsp;&nbsp;&nbsp; <\/p>\n\n\n\n<p class=\"has-normal-font-size\"><strong>Projekt badania\/metodyka badawcza\/koncepcja <\/strong><br>w jaki spos\u00f3b przeprowadzono badania (narz\u0119dzia i metody u\u017cyte w badaniach) <\/p>\n\n\n\n<p class=\"has-normal-font-size\"><strong>Wyniki\/wnioski <\/strong><br>co stwierdzono, jak to zinterpretowano i jakie wyci\u0105gni\u0119to wnioski z przeprowadzonych bada\u0144 <\/p>\n\n\n\n<p class=\"has-normal-font-size\"><strong>Ograniczenia<\/strong><br>wszelkie zidentyfikowane ograniczenia w procesie badawczym oraz sugestie dotycz\u0105ce   przysz\u0142ych bada\u0144 <\/p>\n\n\n\n<p class=\"has-normal-font-size\"><strong>Zastosowanie praktyczne<\/strong><br>sugerowane wykorzystania dla praktyki <\/p>\n\n\n\n<p class=\"has-normal-font-size\"><strong>Oryginalno\u015b\u0107\/warto\u015b\u0107 poznawcza<\/strong><br>co nowego wnosi badanie, jego warto\u015b\u0107<\/p>\n\n\n\n<p class=\"has-normal-font-size\"><strong>S\u0142owa kluczowe (maksymalnie pi\u0119\u0107)<\/strong><br>s\u0142owo, s\u0142owo, s\u0142owo, s\u0142owo, s\u0142owo <\/p>\n\n\n\n<p class=\"has-normal-font-size\"><strong>Wymogi dotycz\u0105ce bibliografii:<\/strong><\/p>\n\n\n\n<p><br><strong><u> Wymogi dotycz\u0105ce bibliografii:<\/u><\/strong><br> Tworzenie bibliografii w stylu Chicago podlega nast\u0119puj\u0105cym regu\u0142om:<\/p>\n\n\n\n<ol><li>Tytu\u0142 \u201eBibliografia\u201d jest wyjustowany do lewego marginesu;<\/li><li>Format bibliografii:<br> [1] Nazwisko autora publikacji, Imi\u0119. Rok Wydania. \u201eTytu\u0142\u201d. <i> Czasopismo <\/i>tom (zeszyt): strony.  <br> Nale\u017cy poda\u0107 pe\u0142ne imi\u0119 autora\/\u00f3w publikacji.<br> <strong><span style=\"color: red\">Uwaga! Je\u015bli autor\u00f3w jest dw\u00f3ch i wi\u0119cej:<\/span><\/strong><br> [1]    Nazwisko Imi\u0119, <span style=\"color: red\">Imi\u0119 Nazwisko, Imi\u0119 Nazwisko<\/span>. Rok Wydania. \u201eTytu\u0142\u201d. <i> Czasopismo <\/i> tom (zeszyt): strony.  <br> [1] Kawlewski Krzysztof, Eugeniusz \u015awito\u0144ski. 2013. \u201eZastosowanie algorytm\u00f3w genetycznych w optymalizacji sterowania ruch\u00f3w roboczych suwnicy pomostowej\u201d. <i>Transport Przemys\u0142owy i Maszyny Robocze <\/i> 19(1): 37\u201341. <\/li><li>Wpisy (pozycje literatury) s\u0105 u\u0142o\u017cone w porz\u0105dku alfabetycznym;<\/li><li>Kolejne wpisy s\u0105 oddalone od siebie o jeden wiersz (wers);<\/li><li>Wykaz stron internetowych (linki musz\u0105 prowadzi\u0107 do artyku\u0142u) znajduje si\u0119 na ko\u0144cu bibliografii. <\/li><li>Bibliografia znajduje si\u0119 na ko\u0144cu ca\u0142ego tekstu.<br><span style=\"color: blue\"> Przyk\u0142ad stylu Chicago dla artyku\u0142u naukowego:<\/span><br> autor #1 nazwisko #1 imi\u0119, autor#2 imi\u0119 #2 nazwisko. rok. \u201etytu\u0142\u201d. <i> czasopismo <\/i> tom (zeszyt): strony.<br> Kawlewski Krzysztof, Eugeniusz \u015awito\u0144ski. 2013. \u201eZastosowanie algorytm\u00f3w genetycznych w optymalizacji sterowania ruch\u00f3w roboczych suwnicy pomostowej\u201d. <i> Transport Przemys\u0142owy i Maszyny Robocze <\/i> 19(1): 37\u201341.<br><span style=\"color: blue\"> Przyk\u0142ad stylu Chicago dla ksi\u0105\u017cki:<\/span><br> Autor #1 nazwisko #1 imi\u0119, autor #2 imi\u0119 #2 nazwisko, autor #3 imi\u0119 #3nazwisko. Rok. <i> Tytu\u0142 ksi\u0105\u017cki <\/i>. Miejsce wydania: Wydawnictwo.<br> Bronowska Krystyna, El\u017cbieta \u017bywucka-Koz\u0142owska, Dariusz Czekan. 2009. <i> Subkultury destrukcji. Studium metodologiczno-kryminalistyczne <\/i>. Szczecin: Wydawnictwo PrintGroup.<br> <span style=\"color: blue\">Przyk\u0142ad stylu Chicago dla rozdzia\u0142u w ksi\u0105\u017cce:<\/span><br> Autor#1 nazwisko #1 imi\u0119, autor #2 imi\u0119 #2nazwisko. Rok. Tytu\u0142 rozdzia\u0142u. W <i>Tytu\u0142 ksi\u0105\u017cki <\/i>, Strony. Wydawnictwo.<br> Lewandowski Roman, Ireneusz Kowalski. 2008. W poszukiwaniu obiektywnych metod pomiaru jako\u015bci us\u0142ug medycznych. W <i> Wsp\u00f3\u0142czesne wyzwania strukturalne i mened\u017cerskie w ochronie zdrowia <\/i>, 253\u2013266. Uniwersytet Warmi\u0144sko-Mazurski w Olsztynie.<\/li><\/ol>\n\n\n\n<p><\/p>\n\n\n\n<p><\/p>\n\n\n\n<p class=\"has-normal-font-size\"><strong>Pytania?&nbsp;<\/strong><br>Napisz do:  <strong>problemyjakosci@sigma-not.pl<\/strong> <\/p>\n","protected":false},"excerpt":{"rendered":"<p>Wszystkie manuskrypty naukowe podlegaj\u0105 anonimowej recenzji (tzw. double blind peer review). Op\u0142ata za publikacj\u0119 W zwi\u0105zku z polityk\u0105 redakcyjn\u0105 publikacje w \u201eProblemach Jako\u015bci\u201d s\u0105 p\u0142atne. Koszt 1 strony druku to 100,00 z\u0142 netto. Op\u0142ata pokrywa koszty sk\u0142adu oraz druku i pobierana jest po pozytywnym przej\u015bciu procedury recenzji. ZASADY ETYKI w publikacjach czasopisma \u201eProblemy Jako\u015bci\u201d (opracowane [&hellip;]<\/p>\n","protected":false},"author":1,"featured_media":0,"parent":0,"menu_order":0,"comment_status":"closed","ping_status":"closed","template":"","meta":{"footnotes":""},"class_list":["post-662","page","type-page","status-publish","hentry"],"_links":{"self":[{"href":"https:\/\/problemyjakosci.com.pl\/index.php\/wp-json\/wp\/v2\/pages\/662","targetHints":{"allow":["GET"]}}],"collection":[{"href":"https:\/\/problemyjakosci.com.pl\/index.php\/wp-json\/wp\/v2\/pages"}],"about":[{"href":"https:\/\/problemyjakosci.com.pl\/index.php\/wp-json\/wp\/v2\/types\/page"}],"author":[{"embeddable":true,"href":"https:\/\/problemyjakosci.com.pl\/index.php\/wp-json\/wp\/v2\/users\/1"}],"replies":[{"embeddable":true,"href":"https:\/\/problemyjakosci.com.pl\/index.php\/wp-json\/wp\/v2\/comments?post=662"}],"version-history":[{"count":16,"href":"https:\/\/problemyjakosci.com.pl\/index.php\/wp-json\/wp\/v2\/pages\/662\/revisions"}],"predecessor-version":[{"id":1639,"href":"https:\/\/problemyjakosci.com.pl\/index.php\/wp-json\/wp\/v2\/pages\/662\/revisions\/1639"}],"wp:attachment":[{"href":"https:\/\/problemyjakosci.com.pl\/index.php\/wp-json\/wp\/v2\/media?parent=662"}],"curies":[{"name":"wp","href":"https:\/\/api.w.org\/{rel}","templated":true}]}}