{"id":35,"date":"2017-03-01T10:48:27","date_gmt":"2017-03-01T10:48:27","guid":{"rendered":"https:\/\/demo.mekshq.com\/typology\/?page_id=35"},"modified":"2026-03-03T13:57:03","modified_gmt":"2026-03-03T13:57:03","slug":"home","status":"publish","type":"page","link":"https:\/\/problemyjakosci.com.pl\/","title":{"rendered":"Home"},"content":{"rendered":"<div class=\"wp-block-image\">\n<figure class=\"aligncenter size-large\"><img loading=\"lazy\" decoding=\"async\" width=\"315\" height=\"141\" src=\"http:\/\/problemyjakosci.com.pl\/en\/wp-content\/uploads\/2019\/12\/46-1.png\" alt=\"\" class=\"wp-image-726\" srcset=\"https:\/\/problemyjakosci.com.pl\/wp-content\/uploads\/2019\/12\/46-1.png 315w, https:\/\/problemyjakosci.com.pl\/wp-content\/uploads\/2019\/12\/46-1-300x134.png 300w\" sizes=\"auto, (max-width: 315px) 100vw, 315px\" \/><\/figure><\/div>\n\n\n<p class=\"has-normal-font-size\">Pismo naukowe prezentuj\u0105ce w spos\u00f3b pog\u0142\u0119biony dorobek teorii i praktyki w dziedzinie jako\u015bci i zarz\u0105dzania. Przedstawia najwa\u017cniejsze zagadnienia zwi\u0105zane z jako\u015bci\u0105 organizacji i zarz\u0105dzania oraz wdra\u017caniem, realizacj\u0105 i certyfikacj\u0105 system\u00f3w zapewnienia jako\u015bci. Prezentuje badania naukowe stanowi\u0105ce podstaw\u0119 do dyskusji i wymiany do\u015bwiadcze\u0144 na \u0142amach czasopisma. <\/p>\n\n\n\n<figure class=\"wp-block-gallery has-nested-images columns-4 is-cropped wp-block-gallery-1 is-layout-flex wp-block-gallery-is-layout-flex\">\n<figure class=\"wp-block-image size-large\"><img loading=\"lazy\" decoding=\"async\" width=\"195\" height=\"276\" data-id=\"687\" src=\"https:\/\/problemyjakosci.com.pl\/wp-content\/uploads\/2019\/12\/8.jpg\" alt=\"\" class=\"wp-image-687\"\/><\/figure>\n\n\n\n<figure class=\"wp-block-image size-large\"><img loading=\"lazy\" decoding=\"async\" width=\"195\" height=\"276\" data-id=\"686\" src=\"https:\/\/problemyjakosci.com.pl\/wp-content\/uploads\/2019\/12\/7.jpg\" alt=\"\" class=\"wp-image-686\"\/><\/figure>\n\n\n\n<figure class=\"wp-block-image size-large\"><img loading=\"lazy\" decoding=\"async\" width=\"195\" height=\"276\" data-id=\"685\" src=\"https:\/\/problemyjakosci.com.pl\/wp-content\/uploads\/2019\/12\/6.jpg\" alt=\"\" class=\"wp-image-685\"\/><\/figure>\n\n\n\n<figure class=\"wp-block-image size-large\"><img loading=\"lazy\" decoding=\"async\" width=\"195\" height=\"276\" data-id=\"684\" src=\"https:\/\/problemyjakosci.com.pl\/wp-content\/uploads\/2019\/12\/5.jpg\" alt=\"\" class=\"wp-image-684\"\/><\/figure>\n<\/figure>\n\n\n\n<p class=\"has-normal-font-size\"> Misj\u0105 \u201eProblem\u00f3w Jako\u015bci\u201d jest upowszechnianie osi\u0105gni\u0119\u0107 nauki i praktyki w obszarze zarz\u0105dzania poprzez popularyzowanie narz\u0119dzi i metod doskonalenia jako\u015bci oraz inspirowanie i integrowanie \u015brodowiska kwalitolog\u00f3w.  <\/p>\n\n\n\n<p class=\"has-normal-font-size\"><\/p>\n\n\n<p><!--StartFragment--><\/p>\n\n\n\n\n<p><\/p>\n\n\n<p><!--EndFragment--><\/p>","protected":false},"excerpt":{"rendered":"<p>Pismo naukowe prezentuj\u0105ce w spos\u00f3b pog\u0142\u0119biony dorobek teorii i praktyki w dziedzinie jako\u015bci i zarz\u0105dzania. Przedstawia najwa\u017cniejsze zagadnienia zwi\u0105zane z jako\u015bci\u0105 organizacji i zarz\u0105dzania oraz wdra\u017caniem, realizacj\u0105 i certyfikacj\u0105 system\u00f3w zapewnienia jako\u015bci. Prezentuje badania naukowe stanowi\u0105ce podstaw\u0119 do dyskusji i wymiany do\u015bwiadcze\u0144 na \u0142amach czasopisma. Misj\u0105 \u201eProblem\u00f3w Jako\u015bci\u201d jest upowszechnianie osi\u0105gni\u0119\u0107 nauki i praktyki w [&hellip;]<\/p>\n","protected":false},"author":1,"featured_media":0,"parent":0,"menu_order":0,"comment_status":"closed","ping_status":"closed","template":"","meta":{"footnotes":""},"class_list":["post-35","page","type-page","status-publish","hentry"],"_links":{"self":[{"href":"https:\/\/problemyjakosci.com.pl\/index.php\/wp-json\/wp\/v2\/pages\/35","targetHints":{"allow":["GET"]}}],"collection":[{"href":"https:\/\/problemyjakosci.com.pl\/index.php\/wp-json\/wp\/v2\/pages"}],"about":[{"href":"https:\/\/problemyjakosci.com.pl\/index.php\/wp-json\/wp\/v2\/types\/page"}],"author":[{"embeddable":true,"href":"https:\/\/problemyjakosci.com.pl\/index.php\/wp-json\/wp\/v2\/users\/1"}],"replies":[{"embeddable":true,"href":"https:\/\/problemyjakosci.com.pl\/index.php\/wp-json\/wp\/v2\/comments?post=35"}],"version-history":[{"count":7,"href":"https:\/\/problemyjakosci.com.pl\/index.php\/wp-json\/wp\/v2\/pages\/35\/revisions"}],"predecessor-version":[{"id":1627,"href":"https:\/\/problemyjakosci.com.pl\/index.php\/wp-json\/wp\/v2\/pages\/35\/revisions\/1627"}],"wp:attachment":[{"href":"https:\/\/problemyjakosci.com.pl\/index.php\/wp-json\/wp\/v2\/media?parent=35"}],"curies":[{"name":"wp","href":"https:\/\/api.w.org\/{rel}","templated":true}]}}